 - i**2 - a*i + 5*i**3 + 2. Calculate m(j).
12
Let s(b) = 3*b - 2 + 3 - 1 + 1. Let g be (-6)/(3 + 2 + -3). What is s(g)?
-8
Let w(p) = 3*p**2 - 6*p - 1. Let t = 13 + -16. Let l(y) = 2*y**2 - 6*y - 2. Suppose 3*q + 4 = 4*r, -18 = -4*r - 2. Let u(s) = q*l(s) + t*w(s). What is u(-4)?
3
Let w(d) = d + 3. Let a be w(5). Suppose 0 = 3*v + v - a. Let t(f) = 9*f**2 - 8*f**v + 0*f**3 + 2*f - 2*f**3. Calculate t(2).
-8
Let u(x) be the second derivative of x**5/20 - 7*x**4/12 + x**3/6 + 5*x**2 - 16*x - 3. What is u(7)?
17
Let o(m) = -275*m + 273*m + 25 + m**3 - 27. Let u = 5 + -8. Determine o(u).
-23
Let p(w) = -w + 7. Let l(x) = 1. Let d(y) = l(y) - p(y). What is d(11)?
5
Let l(c) = c**3 + 5*c**2 - 3. Suppose 10*s + 100 = -10*s. Give l(s).
-3
Let r(b) = -b**3 - 2*b**2 - 2*b + 2. Let q be r(-2). Let j(d) be the first derivative of -d**3/3 + 3*d**2/2 + 6*d - 38. Calculate j(q).
-12
Let t be ((-1 - 0)/((-2)/12))/2. Suppose 4*s + 28 = t*j, j + 13 = -3*s + 5. Let d(q) = q**3 + 4*q**2 - 3. Determine d(s).
-3
Let y(b) = -111*b**2 - 108*b**2 + 1 - 6*b + 220*b**2 + b**3 + 4*b. Determine y(1).
1
Let m(u) = -11*u + 2. Let k(q) = q**2 - 14*q - 70. Let b be k(18). Give m(b).
-20
Let r(s) be the first derivative of -s**4/4 + 11*s**3/3 - 17*s**2/2 - s - 182. What is r(9)?
8
Let s(q) = 1 - 3 + q + 0*q - 3 - 3*q**2 - q**3. Suppose -2*n = -5*a - 28, -2*n + 4*a + 20 = -n. Suppose -4*h + 0*h + 4 = 0, 0 = -n*z - h - 15. What is s(z)?
7
Let n(m) be the third derivative of -m**4/8 - 14*m**3/3 + 94*m**2 - 1. Determine n(-6).
-10
Let y(o) = -o**2 + o + 1. Let a(h) = 12*h**2 - 5*h - 7. Let u(r) = a(r) + 6*y(r). Suppose 5*g + 16 = 6. Let d be g + -1 + (4 - 0). What is u(d)?
6
Let q(n) = -5*n - 2. Let k(u) = -2*u + 16. Let b be k(9). Give q(b).
8
Let d(v) be the third derivative of -v**5/60 - v**4/3 + 5*v**3/6 - 12*v**2. Let l be d(-8). Let c(p) = 3 + l - 2*p - 2. What is c(6)?
-6
Let n be 4/(-10) - (-7)/(105/6). Let i(d) = -4*d**2 + 10*d + 1. Let w(k) = -3*k**2 + 7*k + 1. Let h(f) = -5*i(f) + 7*w(f). Determine h(n).
2
Let f(v) = -14*v - 2. Let w(b) = 11*b + 2. Let y(i) = 4*f(i) + 5*w(i). Give y(-10).
12
Let z be (-8)/(-2) - (0 - 0 - 1). Let n(k) = -6*k + k - 3 + k**3 - z*k**2 + k**2. Calculate n(5).
-3
Let a(c) be the first derivative of c**2/2 - 5*c + 46. Determine a(5).
0
Let c be 10*1*9/18. Let r(v) = c*v - 6*v + 2*v. Determine r(-1).
-1
Let r(g) = -7*g + 0*g**2 + g**3 + 4*g**2 + 0*g. Let p be (1/2*-114)/((-6)/4). Let x = p + -43. Calculate r(x).
10
Suppose -41*o + 312 = 11*o. Let f(y) be the second derivative of -9/20*y**5 - 1/12*y**4 + 0*y**3 + 0*y**2 + 0 - o*y. Calculate f(-1).
8
Suppose k - 2*k - 4*g = -1, -4*k = 2*g + 10. Let t(l) be the third derivative of -l**6/120 - l**5/30 + l**4/12 - l**3/3 - l**2 + 8. Determine t(k).
1
Let v(a) = a**3 - 15*a**2 + 16*a - 21. Let l = -496 + 510. Determine v(l).
7
Let m(u) = 2*u**2 - 12*u + 16. Let a be (-5)/35 - 2/(-14). Let o(y) = -9 + a*y**2 - 5*y**2 + 1 + 4*y**2 + 6*y. Let s(x) = 4*m(x) + 7*o(x). Determine s(6).
8
Let u = 295 - 297. Let p(q) = 2 - 3*q**2 - 2*q**2 + q**2 + 2*q**2. What is p(u)?
-6
Let y be 49/7 - 0/(-4). Let u(a) = a**2 - 6*a - 15. What is u(y)?
-8
Let i(q) be the first derivative of -q**4/4 + q**3 + 3*q**2/2 + q - 1. Let c(y) = -54*y - y**2 - 63*y + 115*y + 19. Let l be c(-5). Calculate i(l).
-3
Let d(n) = n**3 + 6*n**2 + 4*n - 1. Let t be d(-5). Suppose -j = -t + 1. Let x be (-50)/15*j/2. Let h(v) = v**3 + 5*v**2 - v - 4. Give h(x).
1
Let s(a) = 4*a**3 - 11*a**2 - 3*a - 3. Let o(t) = -51 - 3*t**3 - 45 + 99 + 10*t**2 + 4*t. Let f(m) = -5*o(m) - 4*s(m). What is f(-5)?
12
Let b = 15 - 14. Let k(y) = -3 - 5 - 6*y + 8. Determine k(b).
-6
Let g = 422 + -424. Let k(r) = r**3 - r - 2. Calculate k(g).
-8
Let n(j) be the second derivative of 3*j + 0 - 1/40*j**5 - 1/6*j**3 + 0*j**2 + 0*j**4. Let w(d) be the second derivative of n(d). Give w(2).
-6
Let y(f) = -48 - 50 + 2*f - 3*f + 104 + 6*f. What is y(4)?
26
Let b(v) be the first derivative of -3/2*v**2 + 3*v + 1. Suppose -2*s + 4*g = -4, -1 + 7 = 3*s + 4*g. Calculate b(s).
-3
Suppose -4 - 52 = 4*w. Let a = w + 17. Let y(c) = 11*c**2 - 1 + 2*c + 3*c**3 + 4*c**a - 12*c**2 - 6*c**3. Determine y(2).
7
Let a(p) = 1061308*p + 9 - 1061307*p + 13. What is a(-10)?
12
Let n = 48 + -51. Let q(u) = u**2 - 3*u - 8. Let c(h) = h. Let t(v) = n*c(v) + q(v). Calculate t(6).
-8
Let o = -316 - -322. Let h(l) = -l**3 + 5*l**2 + 6*l - 1. Give h(o).
-1
Let i(t) be the third derivative of 2*t**5/15 - t**3/6 + 17*t**2 + 2. Determine i(1).
7
Let l(z) be the second derivative of -5*z + 1/6*z**4 - 1/2*z**2 + 0 + 1/20*z**5 - 1/6*z**3. Calculate l(-3).
-7
Let j(x) = -20 - x**2 - 7*x - x + 46 - 21. What is j(-7)?
12
Let w = 25 - 23. Let c(v) = -3*v + w + 11*v + v**2 - 3*v. Let p be (6/5)/((-2)/10). Calculate c(p).
8
Let x = 408 - 395. Let a(j) = -j - 6. What is a(x)?
-19
Suppose -4*s + s = 12. Let d be ((-16)/(-4))/s*-3. Let g(q) = -4*q + 2*q + 1 - 2*q**2 - d*q**2. Determine g(1).
-6
Let b(s) = -3*s**3 + 8*s**2 - 3*s - 1. Let j(i) = i**3 - 4*i**2 + 2*i + 1. Let r(p) = -2*b(p) - 5*j(p). Give r(-5).
-8
Let h(p) = p**3 - p + 8. Let t(x) = 3*x**2 + 10*x + 23. Let s(m) = m**2 + 5*m + 12. Let b(w) = 5*s(w) - 2*t(w). Let q be b(7). Determine h(q).
8
Let o(f) be the third derivative of 0*f - f**2 + 0 + 2/3*f**3 + 1/24*f**4. Let n(i) = 2*i**2 - 3*i + 1. Let j be n(1). Give o(j).
4
Suppose 21 = 4*c - j - 18, -2*j - 24 = -2*c. Let a(z) = -4*z + z + 4*z - c. Give a(4).
-5
Let v(h) = h**2 - 2*h - 2. Let i be v(3). Let a(y) = -221156 + 6*y**3 + 221156. Give a(i).
6
Let c(r) = -8*r + 11*r - 2*r + 3. Suppose 4*p - 8 = -28. What is c(p)?
-2
Let r be 1*(0/(-1) - 0). Let k be -2 + r - 0 - 0. Let j(v) = -v**2 - 12*v - 3 + 5*v - 2*v + 7*v. What is j(k)?
-3
Let m(d) be the first derivative of -3*d + 5 + 1/6*d**4 + 2*d**2 + 5/6*d**3. Let q(o) be the first derivative of m(o). Give q(-3).
7
Let u(f) be the second derivative of -f**4/12 + f**3/2 - 3*f**2 - 8*f - 2. Give u(-5).
-46
Let t(w) = 15*w + 32. Let p(a) = 7*a. Let f(k) = -3*p(k) + t(k). What is f(6)?
-4
Let m(c) = -c**3 - 5*c**2 + 2*c + 4. Suppose 4*u + 14 - 34 = 0. Suppose u*l = 3*w + 4*l + 11, -3*w - 3*l = 27. Calculate m(w).
-6
Let g(r) = -4 - 6*r**2 + 4*r - r - r**3 + r**2 + r. Let p be (28/(-2))/2 - -1*1. Give g(p).
8
Let z = 97 - 91. Let r(l) be the third derivative of 0*l - 2/3*l**3 + 1/60*l**5 - 1/8*l**4 + 0 + z*l**2. Determine r(5).
6
Let q(m) be the first derivative of m**2 - 2*m - 1. Suppose 2*a - 3*n = 25 - 3, 0 = 2*n. Let t = a - 6. What is q(t)?
8
Let r be (-2 - 2)*(-3)/(-3). Let f(y) = -y**2 - 5*y + 1. Let w be f(r). Let k(i) = 8 + w*i - 3*i**2 - 7 - i**3 + 2. What is k(-3)?
-12
Let g(c) = 3*c**2 + 25*c + 12. Let i(p) = p**2 + 8*p + 4. Let x(l) = -2*g(l) + 7*i(l). Let z = -8 - -10. Suppose 4*h = z - 26. What is x(h)?
4
Let v(y) = -y. Let d(l) = -4*l**2 - 4*l. Let w(n) = d(n) - 6*v(n). Suppose -h - 6 = -4*i, h + 3*i - 2 = -i. Determine w(h).
-20
Let w(m) = m**2 - 5*m + 3. Let k be -4*(0 - 3/12). Suppose -5*h + 4*a + 4 = k, -27 = -5*h - 4*a. Suppose -4*q + 25 = -s, h*q = -0*q - 2*s + 5. Calculate w(q).
3
Let s(a) = 2*a**3 - 2*a**2. Let i be (18/(-15))/(10/(-25)). Suppose -2*c + c = -4*v - 2, i*c + 4*v - 6 = 0. Calculate s(c).
8
Let m = -37 + 41. Let s(k) = -m + 50*k**3 - 28*k**3 - 21*k**3 - 7*k**2. Determine s(7).
-4
Let w(u) = u**3 - u**2 + 2. Let h be w(0). Let o(j) = -1 + 0*j - 6*j - 4*j**h + 3*j**2. Let k = -10002 + 9996. Determine o(k).
-1
Let y(f) = f**3 + f**2 - 11*f - 6. Let c(z) = -2*z**3 - 3*z**2 + 19*z + 11. Let p(h) = -5*c(h) - 9*y(h). Determine p(-5).
4
Let v be (-134)/(-201)*(-33)/(-2). Let n(r) = -r**2 + 12*r + 3. Give n(v).
14
Let t(w) be the first derivative of w**4/12 + w**3/6 - w - 1. Let k(l) be the first derivative of t(l). Let n be (2 + 16/(-6))*(39 - 36). What is k(n)?
2
Suppose -35 + 4 = -2*u - j, -5*u - 2*j = -78. Let o(q) = -8 + 12*q + u - 11*q. Determine o(-7).
1
Let m(l) be the second derivative of -l**5/20 - 7*l**4/12 + 2*l**3/3 - 9*l**2/2 - 9*l + 9. Calculate m(-8).
23
Let g(f) = f**2 + 3*f - 7. Let s(m) = -6*m**2 - 1. Let d be s(-1). Let c = -3 - d. Suppose 4*j + c*h + 16 = 0, 3*j + 5*h - 5 = -13. What is g(j)?
11
Let z be (-1)/((-75)/(-20) + -4). Let g(p) = 2*p + p + 7 - z - 4. Let c(b) = -b**3 - 4*b**2 + 4*b - 1. Let t b